{"version":"1.0","provider_name":"Daniel Waldschik","provider_url":"https:\/\/danielwaldschik.de\/blog","author_name":"Daniel Waldschik","author_url":"https:\/\/danielwaldschik.de\/blog\/author\/admin\/","title":"Ich als Gespr\u00e4chspartner in unterschiedlichsten Medien - Daniel Waldschik","type":"rich","width":600,"height":338,"html":"<blockquote class=\"wp-embedded-content\" data-secret=\"mUnqgVpRgA\"><a href=\"https:\/\/danielwaldschik.de\/blog\/ich-als-gespraechspartner-in-unterschiedlichsten-medien\/\">Ich als Gespr\u00e4chspartner in unterschiedlichsten Medien<\/a><\/blockquote><iframe sandbox=\"allow-scripts\" security=\"restricted\" src=\"https:\/\/danielwaldschik.de\/blog\/ich-als-gespraechspartner-in-unterschiedlichsten-medien\/embed\/#?secret=mUnqgVpRgA\" width=\"600\" height=\"338\" title=\"&#8222;Ich als Gespr\u00e4chspartner in unterschiedlichsten Medien&#8220; &#8211; Daniel Waldschik\" data-secret=\"mUnqgVpRgA\" frameborder=\"0\" marginwidth=\"0\" marginheight=\"0\" scrolling=\"no\" class=\"wp-embedded-content\"><\/iframe><script type=\"text\/javascript\">\n\/* <![CDATA[ *\/\n\/*! This file is auto-generated *\/\n!function(d,l){\"use strict\";l.querySelector&&d.addEventListener&&\"undefined\"!=typeof URL&&(d.wp=d.wp||{},d.wp.receiveEmbedMessage||(d.wp.receiveEmbedMessage=function(e){var t=e.data;if((t||t.secret||t.message||t.value)&&!\/[^a-zA-Z0-9]\/.test(t.secret)){for(var s,r,n,a=l.querySelectorAll('iframe[data-secret=\"'+t.secret+'\"]'),o=l.querySelectorAll('blockquote[data-secret=\"'+t.secret+'\"]'),c=new RegExp(\"^https?:$\",\"i\"),i=0;i<o.length;i++)o[i].style.display=\"none\";for(i=0;i<a.length;i++)s=a[i],e.source===s.contentWindow&&(s.removeAttribute(\"style\"),\"height\"===t.message?(1e3<(r=parseInt(t.value,10))?r=1e3:~~r<200&&(r=200),s.height=r):\"link\"===t.message&&(r=new URL(s.getAttribute(\"src\")),n=new URL(t.value),c.test(n.protocol))&&n.host===r.host&&l.activeElement===s&&(d.top.location.href=t.value))}},d.addEventListener(\"message\",d.wp.receiveEmbedMessage,!1),l.addEventListener(\"DOMContentLoaded\",function(){for(var e,t,s=l.querySelectorAll(\"iframe.wp-embedded-content\"),r=0;r<s.length;r++)(t=(e=s[r]).getAttribute(\"data-secret\"))||(t=Math.random().toString(36).substring(2,12),e.src+=\"#?secret=\"+t,e.setAttribute(\"data-secret\",t)),e.contentWindow.postMessage({message:\"ready\",secret:t},\"*\")},!1)))}(window,document);\n\/* ]]> *\/\n<\/script>\n","description":"Lag es in meiner Zeit als Volont\u00e4r und freier Zeitungsmitarbeiter noch an mir, die richtigen Fragen zu stellen zu stellen, r\u00fcckte ich sp\u00e4testens als Verbraucherredakteur f\u00fcr \u00d6ko Test in den Fokus mancher Kolleginnen und Kollegen. Auch in meiner aktuellen Funktion als Pressesprecher des Bundesverbands M\u00f6beldpedition und Logistik (AM\u00d6) e.V. stehe ich jederzeit gerne allen anWeiterlesen"}

Ich als Gesprächspartner in unterschiedlichsten Medien - Daniel Waldschik

<blockquote class="wp-embedded-content" data-secret="mUnqgVpRgA"><a href="https://danielwaldschik.de/blog/ich-als-gespraechspartner-in-unterschiedlichsten-medien/">Ich als Gesprächspartner in unterschiedlichsten Medien</a></blockquote><iframe sandbox="allow-scripts" security="restricted" src="https://danielwaldschik.de/blog/ich-als-gespraechspartner-in-unterschiedlichsten-medien/embed/#?secret=mUnqgVpRgA" width="600" height="338" title="&#8222;Ich als Gesprächspartner in unterschiedlichsten Medien&#8220; &#8211; Daniel Waldschik" data-secret="mUnqgVpRgA" frameborder="0" marginwidth="0" marginheight="0" scrolling="no" class="wp-embedded-content"></iframe><script type="text/javascript">
/* <![CDATA[ */
/*! This file is auto-generated */
!function(d,l){"use strict";l.querySelector&&d.addEventListener&&"undefined"!=typeof URL&&(d.wp=d.wp||{},d.wp.receiveEmbedMessage||(d.wp.receiveEmbedMessage=function(e){var t=e.data;if((t||t.secret||t.message||t.value)&&!/[^a-zA-Z0-9]/.test(t.secret)){for(var s,r,n,a=l.querySelectorAll('iframe[data-secret="'+t.secret+'"]'),o=l.querySelectorAll('blockquote[data-secret="'+t.secret+'"]'),c=new RegExp("^https?:$","i"),i=0;i<o.length;i++)o[i].style.display="none";for(i=0;i<a.length;i++)s=a[i],e.source===s.contentWindow&&(s.removeAttribute("style"),"height"===t.message?(1e3<(r=parseInt(t.value,10))?r=1e3:~~r<200&&(r=200),s.height=r):"link"===t.message&&(r=new URL(s.getAttribute("src")),n=new URL(t.value),c.test(n.protocol))&&n.host===r.host&&l.activeElement===s&&(d.top.location.href=t.value))}},d.addEventListener("message",d.wp.receiveEmbedMessage,!1),l.addEventListener("DOMContentLoaded",function(){for(var e,t,s=l.querySelectorAll("iframe.wp-embedded-content"),r=0;r<s.length;r++)(t=(e=s[r]).getAttribute("data-secret"))||(t=Math.random().toString(36).substring(2,12),e.src+="#?secret="+t,e.setAttribute("data-secret",t)),e.contentWindow.postMessage({message:"ready",secret:t},"*")},!1)))}(window,document);
/* ]]> */
</script>

Lag es in meiner Zeit als Volontär und freier Zeitungsmitarbeiter noch an mir, die richtigen Fragen zu stellen zu stellen, rückte ich spätestens als Verbraucherredakteur für Öko Test in den Fokus mancher Kolleginnen und Kollegen. Auch in meiner aktuellen Funktion als Pressesprecher des Bundesverbands Möbeldpedition und Logistik (AMÖ) e.V. stehe ich jederzeit gerne allen anWeiterlesen
